{"id":2128,"date":"2024-11-25T12:13:35","date_gmt":"2024-11-25T12:13:39","guid":{"rendered":"http:\/\/manualer.byggalliansen.no\/v6\/kategorier-og-emner\/lipsum-standard-mal-2-2\/lipsum-standard-mal-2-3-3\/lipsum-standard-mal-2-3-3-2-2\/"},"modified":"2025-03-14T10:17:00","modified_gmt":"2025-03-14T10:17:00","slug":"1-2-2-implementering-av-miljoforbedringer","status":"publish","type":"page","link":"http:\/\/breeam-infrastructure.byggalliansen.no\/v6\/kategorier-og-emner\/1-ledelse\/1-2-miljoledelse\/1-2-2-implementering-av-miljoforbedringer\/","title":{"rendered":"1.2.2 Implementering av milj\u00f8forbedringer"},"content":{"rendered":"\n<p>1.2.2.1 Forbedringene som er identifisert i vurderingen av negativ og positiv milj\u00f8p\u00e5virkning, gjenspeiles i prosjekteringen sammen med tiltakene for begrensning av og kompensasjon for negativ milj\u00f8p\u00e5virkning.<\/p>\n\n\n\n<figure class=\"wp-block-table\"><table class=\"has-fixed-layout\"><thead><tr><th>Prosentandel av identifiserte forbedringer som er gjennomf\u00f8rt<\/th><th>Poeng<\/th><\/tr><\/thead><tbody><tr><td>(a) 25&nbsp;% eller mer<\/td><td>6<\/td><\/tr><tr><td>(b) 50&nbsp;% eller mer<\/td><td>12<\/td><\/tr><tr><td>(c) 75&nbsp;% eller mer<\/td><td>18<\/td><\/tr><tr><td>(d) 90&nbsp;% eller mer<\/td><td>24<\/td><\/tr><\/tbody><\/table><\/figure>\n\n\n\n<p><\/p>\n","protected":false},"excerpt":{"rendered":"<p>1.2.2.1 Forbedringene som er identifisert i vurderingen av negativ og positiv milj\u00f8p\u00e5virkning, gjenspeiles i prosjekteringen sammen med tiltakene for begrensning av og kompensasjon for negativ milj\u00f8p\u00e5virkning. Prosentandel av identifiserte forbedringer som er gjennomf\u00f8rt Poeng (a) 25&nbsp;% eller mer 6 (b) 50&nbsp;% eller mer 12 (c) 75&nbsp;% eller mer 18 (d) 90&nbsp;% eller mer 24<\/p>\n","protected":false},"author":1,"featured_media":0,"parent":2030,"menu_order":1,"comment_status":"closed","ping_status":"closed","template":"","meta":{"_acf_changed":false,"footnotes":""},"categories":[1],"connection":[32],"class_list":["post-2128","page","type-page","status-publish","hentry","category-kriterier","connection-1-2-2"],"acf":[],"yoast_head":"<!-- This site is optimized with the Yoast SEO plugin v24.6 - https:\/\/yoast.com\/wordpress\/plugins\/seo\/ -->\n<title>1.2.2 Implementering av milj\u00f8forbedringer - BREEAM Infrastructure for prosjekter<\/title>\n<meta name=\"robots\" content=\"index, follow, max-snippet:-1, max-image-preview:large, max-video-preview:-1\" \/>\n<link rel=\"canonical\" href=\"https:\/\/breeam-infrastructure.byggalliansen.no\/v6\/kategorier-og-emner\/1-ledelse\/1-2-miljoledelse\/1-2-2-implementering-av-miljoforbedringer\/\" \/>\n<meta property=\"og:locale\" content=\"nb_NO\" \/>\n<meta property=\"og:type\" content=\"article\" \/>\n<meta property=\"og:title\" content=\"1.2.2 Implementering av milj\u00f8forbedringer - BREEAM Infrastructure for prosjekter\" \/>\n<meta property=\"og:description\" content=\"1.2.2.1 Forbedringene som er identifisert i vurderingen av negativ og positiv milj\u00f8p\u00e5virkning, gjenspeiles i prosjekteringen sammen med tiltakene for begrensning av og kompensasjon for negativ milj\u00f8p\u00e5virkning. Prosentandel av identifiserte forbedringer som er gjennomf\u00f8rt Poeng (a) 25&nbsp;% eller mer 6 (b) 50&nbsp;% eller mer 12 (c) 75&nbsp;% eller mer 18 (d) 90&nbsp;% eller mer 24\" \/>\n<meta property=\"og:url\" content=\"https:\/\/breeam-infrastructure.byggalliansen.no\/v6\/kategorier-og-emner\/1-ledelse\/1-2-miljoledelse\/1-2-2-implementering-av-miljoforbedringer\/\" \/>\n<meta property=\"og:site_name\" content=\"BREEAM Infrastructure for prosjekter\" \/>\n<meta property=\"article:modified_time\" content=\"2025-03-14T10:17:00+00:00\" \/>\n<meta name=\"twitter:card\" content=\"summary_large_image\" \/>\n<meta name=\"twitter:label1\" content=\"Ansl. lesetid\" \/>\n\t<meta name=\"twitter:data1\" content=\"1 minutt\" \/>\n<script type=\"application\/ld+json\" class=\"yoast-schema-graph\">{\"@context\":\"https:\/\/schema.org\",\"@graph\":[{\"@type\":\"WebPage\",\"@id\":\"https:\/\/breeam-infrastructure.byggalliansen.no\/v6\/kategorier-og-emner\/1-ledelse\/1-2-miljoledelse\/1-2-2-implementering-av-miljoforbedringer\/\",\"url\":\"https:\/\/breeam-infrastructure.byggalliansen.no\/v6\/kategorier-og-emner\/1-ledelse\/1-2-miljoledelse\/1-2-2-implementering-av-miljoforbedringer\/\",\"name\":\"1.2.2 Implementering av milj\u00f8forbedringer - BREEAM Infrastructure for prosjekter\",\"isPartOf\":{\"@id\":\"https:\/\/breeam-infrastructure.byggalliansen.no\/v6\/#website\"},\"datePublished\":\"2024-11-25T12:13:39+00:00\",\"dateModified\":\"2025-03-14T10:17:00+00:00\",\"breadcrumb\":{\"@id\":\"https:\/\/breeam-infrastructure.byggalliansen.no\/v6\/kategorier-og-emner\/1-ledelse\/1-2-miljoledelse\/1-2-2-implementering-av-miljoforbedringer\/#breadcrumb\"},\"inLanguage\":\"nb-NO\",\"potentialAction\":[{\"@type\":\"ReadAction\",\"target\":[\"https:\/\/breeam-infrastructure.byggalliansen.no\/v6\/kategorier-og-emner\/1-ledelse\/1-2-miljoledelse\/1-2-2-implementering-av-miljoforbedringer\/\"]}]},{\"@type\":\"BreadcrumbList\",\"@id\":\"https:\/\/breeam-infrastructure.byggalliansen.no\/v6\/kategorier-og-emner\/1-ledelse\/1-2-miljoledelse\/1-2-2-implementering-av-miljoforbedringer\/#breadcrumb\",\"itemListElement\":[{\"@type\":\"ListItem\",\"position\":1,\"name\":\"BREEAM Infrastructure for prosjekter\",\"item\":\"http:\/\/breeam-infrastructure.byggalliansen.no\/v6\/\"},{\"@type\":\"ListItem\",\"position\":2,\"name\":\"Kategorier og emner\",\"item\":\"https:\/\/breeam-infrastructure.byggalliansen.no\/v6\/kategorier-og-emner\/\"},{\"@type\":\"ListItem\",\"position\":3,\"name\":\"1 Ledelse\",\"item\":\"http:\/\/breeam-infrastructure.byggalliansen.no\/v6\/kategorier-og-emner\/1-ledelse\/\"},{\"@type\":\"ListItem\",\"position\":4,\"name\":\"1.2 Milj\u00f8ledelse\",\"item\":\"https:\/\/breeam-infrastructure.byggalliansen.no\/v6\/kategorier-og-emner\/1-ledelse\/1-2-miljoledelse\/\"},{\"@type\":\"ListItem\",\"position\":5,\"name\":\"1.2.2 Implementering av milj\u00f8forbedringer\"}]},{\"@type\":\"WebSite\",\"@id\":\"https:\/\/breeam-infrastructure.byggalliansen.no\/v6\/#website\",\"url\":\"https:\/\/breeam-infrastructure.byggalliansen.no\/v6\/\",\"name\":\"BREEAM Infrastructure for prosjekter\",\"description\":\"Utgave 6, 2024\",\"potentialAction\":[{\"@type\":\"SearchAction\",\"target\":{\"@type\":\"EntryPoint\",\"urlTemplate\":\"https:\/\/breeam-infrastructure.byggalliansen.no\/v6\/?s={search_term_string}\"},\"query-input\":{\"@type\":\"PropertyValueSpecification\",\"valueRequired\":true,\"valueName\":\"search_term_string\"}}],\"inLanguage\":\"nb-NO\"}]}<\/script>\n<!-- \/ Yoast SEO plugin. -->","yoast_head_json":{"title":"1.2.2 Implementering av milj\u00f8forbedringer - BREEAM Infrastructure for prosjekter","robots":{"index":"index","follow":"follow","max-snippet":"max-snippet:-1","max-image-preview":"max-image-preview:large","max-video-preview":"max-video-preview:-1"},"canonical":"https:\/\/breeam-infrastructure.byggalliansen.no\/v6\/kategorier-og-emner\/1-ledelse\/1-2-miljoledelse\/1-2-2-implementering-av-miljoforbedringer\/","og_locale":"nb_NO","og_type":"article","og_title":"1.2.2 Implementering av milj\u00f8forbedringer - BREEAM Infrastructure for prosjekter","og_description":"1.2.2.1 Forbedringene som er identifisert i vurderingen av negativ og positiv milj\u00f8p\u00e5virkning, gjenspeiles i prosjekteringen sammen med tiltakene for begrensning av og kompensasjon for negativ milj\u00f8p\u00e5virkning. Prosentandel av identifiserte forbedringer som er gjennomf\u00f8rt Poeng (a) 25&nbsp;% eller mer 6 (b) 50&nbsp;% eller mer 12 (c) 75&nbsp;% eller mer 18 (d) 90&nbsp;% eller mer 24","og_url":"https:\/\/breeam-infrastructure.byggalliansen.no\/v6\/kategorier-og-emner\/1-ledelse\/1-2-miljoledelse\/1-2-2-implementering-av-miljoforbedringer\/","og_site_name":"BREEAM Infrastructure for prosjekter","article_modified_time":"2025-03-14T10:17:00+00:00","twitter_card":"summary_large_image","twitter_misc":{"Ansl. lesetid":"1 minutt"},"schema":{"@context":"https:\/\/schema.org","@graph":[{"@type":"WebPage","@id":"https:\/\/breeam-infrastructure.byggalliansen.no\/v6\/kategorier-og-emner\/1-ledelse\/1-2-miljoledelse\/1-2-2-implementering-av-miljoforbedringer\/","url":"https:\/\/breeam-infrastructure.byggalliansen.no\/v6\/kategorier-og-emner\/1-ledelse\/1-2-miljoledelse\/1-2-2-implementering-av-miljoforbedringer\/","name":"1.2.2 Implementering av milj\u00f8forbedringer - BREEAM Infrastructure for prosjekter","isPartOf":{"@id":"https:\/\/breeam-infrastructure.byggalliansen.no\/v6\/#website"},"datePublished":"2024-11-25T12:13:39+00:00","dateModified":"2025-03-14T10:17:00+00:00","breadcrumb":{"@id":"https:\/\/breeam-infrastructure.byggalliansen.no\/v6\/kategorier-og-emner\/1-ledelse\/1-2-miljoledelse\/1-2-2-implementering-av-miljoforbedringer\/#breadcrumb"},"inLanguage":"nb-NO","potentialAction":[{"@type":"ReadAction","target":["https:\/\/breeam-infrastructure.byggalliansen.no\/v6\/kategorier-og-emner\/1-ledelse\/1-2-miljoledelse\/1-2-2-implementering-av-miljoforbedringer\/"]}]},{"@type":"BreadcrumbList","@id":"https:\/\/breeam-infrastructure.byggalliansen.no\/v6\/kategorier-og-emner\/1-ledelse\/1-2-miljoledelse\/1-2-2-implementering-av-miljoforbedringer\/#breadcrumb","itemListElement":[{"@type":"ListItem","position":1,"name":"BREEAM Infrastructure for prosjekter","item":"http:\/\/breeam-infrastructure.byggalliansen.no\/v6\/"},{"@type":"ListItem","position":2,"name":"Kategorier og emner","item":"https:\/\/breeam-infrastructure.byggalliansen.no\/v6\/kategorier-og-emner\/"},{"@type":"ListItem","position":3,"name":"1 Ledelse","item":"http:\/\/breeam-infrastructure.byggalliansen.no\/v6\/kategorier-og-emner\/1-ledelse\/"},{"@type":"ListItem","position":4,"name":"1.2 Milj\u00f8ledelse","item":"https:\/\/breeam-infrastructure.byggalliansen.no\/v6\/kategorier-og-emner\/1-ledelse\/1-2-miljoledelse\/"},{"@type":"ListItem","position":5,"name":"1.2.2 Implementering av milj\u00f8forbedringer"}]},{"@type":"WebSite","@id":"https:\/\/breeam-infrastructure.byggalliansen.no\/v6\/#website","url":"https:\/\/breeam-infrastructure.byggalliansen.no\/v6\/","name":"BREEAM Infrastructure for prosjekter","description":"Utgave 6, 2024","potentialAction":[{"@type":"SearchAction","target":{"@type":"EntryPoint","urlTemplate":"https:\/\/breeam-infrastructure.byggalliansen.no\/v6\/?s={search_term_string}"},"query-input":{"@type":"PropertyValueSpecification","valueRequired":true,"valueName":"search_term_string"}}],"inLanguage":"nb-NO"}]}},"_links":{"self":[{"href":"http:\/\/breeam-infrastructure.byggalliansen.no\/v6\/wp-json\/wp\/v2\/pages\/2128","targetHints":{"allow":["GET"]}}],"collection":[{"href":"http:\/\/breeam-infrastructure.byggalliansen.no\/v6\/wp-json\/wp\/v2\/pages"}],"about":[{"href":"http:\/\/breeam-infrastructure.byggalliansen.no\/v6\/wp-json\/wp\/v2\/types\/page"}],"author":[{"embeddable":true,"href":"http:\/\/breeam-infrastructure.byggalliansen.no\/v6\/wp-json\/wp\/v2\/users\/1"}],"replies":[{"embeddable":true,"href":"http:\/\/breeam-infrastructure.byggalliansen.no\/v6\/wp-json\/wp\/v2\/comments?post=2128"}],"version-history":[{"count":3,"href":"http:\/\/breeam-infrastructure.byggalliansen.no\/v6\/wp-json\/wp\/v2\/pages\/2128\/revisions"}],"predecessor-version":[{"id":3946,"href":"http:\/\/breeam-infrastructure.byggalliansen.no\/v6\/wp-json\/wp\/v2\/pages\/2128\/revisions\/3946"}],"up":[{"embeddable":true,"href":"http:\/\/breeam-infrastructure.byggalliansen.no\/v6\/wp-json\/wp\/v2\/pages\/2030"}],"wp:attachment":[{"href":"http:\/\/breeam-infrastructure.byggalliansen.no\/v6\/wp-json\/wp\/v2\/media?parent=2128"}],"wp:term":[{"taxonomy":"category","embeddable":true,"href":"http:\/\/breeam-infrastructure.byggalliansen.no\/v6\/wp-json\/wp\/v2\/categories?post=2128"},{"taxonomy":"connection","embeddable":true,"href":"http:\/\/breeam-infrastructure.byggalliansen.no\/v6\/wp-json\/wp\/v2\/connection?post=2128"}],"curies":[{"name":"wp","href":"https:\/\/api.w.org\/{rel}","templated":true}]}}