{"id":2719,"date":"2025-01-22T12:55:46","date_gmt":"2025-01-22T12:55:46","guid":{"rendered":"https:\/\/manualer.byggalliansen.no\/v6\/?page_id=2719"},"modified":"2025-03-24T14:32:01","modified_gmt":"2025-03-24T14:32:01","slug":"7-5-2-ansvarlig-innkjop-av-byggeprodukter-vurdering","status":"publish","type":"page","link":"http:\/\/breeam-infrastructure.byggalliansen.no\/v6\/kategorier-og-emner\/7-ressurser\/7-5-ansvarlig-innkjop-av-byggeprodukter\/7-5-2-ansvarlig-innkjop-av-byggeprodukter-vurdering\/","title":{"rendered":"7.5.2 \u00a0Ansvarlig innkj\u00f8p av byggeprodukter \u2013 vurdering"},"content":{"rendered":"\n<p>7.5.2.1 &nbsp;Ansvarlig innkj\u00f8p av materialer er evaluert gjennom utarbeidelse av en plan for b\u00e6rekraftig anskaffelse og spesifisert som et prosjektkrav f\u00f8r bestilling.<\/p>\n\n\n\n<p><\/p>\n","protected":false},"excerpt":{"rendered":"<p>7.5.2.1 &nbsp;Ansvarlig innkj\u00f8p av materialer er evaluert gjennom utarbeidelse av en plan for b\u00e6rekraftig anskaffelse og spesifisert som et prosjektkrav f\u00f8r bestilling.<\/p>\n","protected":false},"author":2,"featured_media":0,"parent":2574,"menu_order":1,"comment_status":"closed","ping_status":"closed","template":"","meta":{"_acf_changed":false,"footnotes":""},"categories":[31],"connection":[106],"class_list":["post-2719","page","type-page","status-publish","hentry","category-faste-kriterier","connection-7-5-2"],"acf":[],"yoast_head":"<!-- This site is optimized with the Yoast SEO plugin v24.6 - https:\/\/yoast.com\/wordpress\/plugins\/seo\/ -->\n<title>7.5.2 \u00a0Ansvarlig innkj\u00f8p av byggeprodukter \u2013 vurdering - BREEAM Infrastructure for prosjekter<\/title>\n<meta name=\"robots\" content=\"index, follow, max-snippet:-1, max-image-preview:large, max-video-preview:-1\" \/>\n<link rel=\"canonical\" href=\"https:\/\/breeam-infrastructure.byggalliansen.no\/v6\/kategorier-og-emner\/7-ressurser\/7-5-ansvarlig-innkjop-av-byggeprodukter\/7-5-2-ansvarlig-innkjop-av-byggeprodukter-vurdering\/\" \/>\n<meta property=\"og:locale\" content=\"nb_NO\" \/>\n<meta property=\"og:type\" content=\"article\" \/>\n<meta property=\"og:title\" content=\"7.5.2 \u00a0Ansvarlig innkj\u00f8p av byggeprodukter \u2013 vurdering - BREEAM Infrastructure for prosjekter\" \/>\n<meta property=\"og:description\" content=\"7.5.2.1 &nbsp;Ansvarlig innkj\u00f8p av materialer er evaluert gjennom utarbeidelse av en plan for b\u00e6rekraftig anskaffelse og spesifisert som et prosjektkrav f\u00f8r bestilling.\" \/>\n<meta property=\"og:url\" content=\"https:\/\/breeam-infrastructure.byggalliansen.no\/v6\/kategorier-og-emner\/7-ressurser\/7-5-ansvarlig-innkjop-av-byggeprodukter\/7-5-2-ansvarlig-innkjop-av-byggeprodukter-vurdering\/\" \/>\n<meta property=\"og:site_name\" content=\"BREEAM Infrastructure for prosjekter\" \/>\n<meta property=\"article:modified_time\" content=\"2025-03-24T14:32:01+00:00\" \/>\n<meta name=\"twitter:card\" content=\"summary_large_image\" \/>\n<meta name=\"twitter:label1\" content=\"Ansl. lesetid\" \/>\n\t<meta name=\"twitter:data1\" content=\"1 minutt\" \/>\n<script type=\"application\/ld+json\" class=\"yoast-schema-graph\">{\"@context\":\"https:\/\/schema.org\",\"@graph\":[{\"@type\":\"WebPage\",\"@id\":\"https:\/\/breeam-infrastructure.byggalliansen.no\/v6\/kategorier-og-emner\/7-ressurser\/7-5-ansvarlig-innkjop-av-byggeprodukter\/7-5-2-ansvarlig-innkjop-av-byggeprodukter-vurdering\/\",\"url\":\"https:\/\/breeam-infrastructure.byggalliansen.no\/v6\/kategorier-og-emner\/7-ressurser\/7-5-ansvarlig-innkjop-av-byggeprodukter\/7-5-2-ansvarlig-innkjop-av-byggeprodukter-vurdering\/\",\"name\":\"7.5.2 \u00a0Ansvarlig innkj\u00f8p av byggeprodukter \u2013 vurdering - BREEAM Infrastructure for prosjekter\",\"isPartOf\":{\"@id\":\"https:\/\/breeam-infrastructure.byggalliansen.no\/v6\/#website\"},\"datePublished\":\"2025-01-22T12:55:46+00:00\",\"dateModified\":\"2025-03-24T14:32:01+00:00\",\"breadcrumb\":{\"@id\":\"https:\/\/breeam-infrastructure.byggalliansen.no\/v6\/kategorier-og-emner\/7-ressurser\/7-5-ansvarlig-innkjop-av-byggeprodukter\/7-5-2-ansvarlig-innkjop-av-byggeprodukter-vurdering\/#breadcrumb\"},\"inLanguage\":\"nb-NO\",\"potentialAction\":[{\"@type\":\"ReadAction\",\"target\":[\"https:\/\/breeam-infrastructure.byggalliansen.no\/v6\/kategorier-og-emner\/7-ressurser\/7-5-ansvarlig-innkjop-av-byggeprodukter\/7-5-2-ansvarlig-innkjop-av-byggeprodukter-vurdering\/\"]}]},{\"@type\":\"BreadcrumbList\",\"@id\":\"https:\/\/breeam-infrastructure.byggalliansen.no\/v6\/kategorier-og-emner\/7-ressurser\/7-5-ansvarlig-innkjop-av-byggeprodukter\/7-5-2-ansvarlig-innkjop-av-byggeprodukter-vurdering\/#breadcrumb\",\"itemListElement\":[{\"@type\":\"ListItem\",\"position\":1,\"name\":\"BREEAM Infrastructure for prosjekter\",\"item\":\"http:\/\/breeam-infrastructure.byggalliansen.no\/v6\/\"},{\"@type\":\"ListItem\",\"position\":2,\"name\":\"Kategorier og emner\",\"item\":\"https:\/\/breeam-infrastructure.byggalliansen.no\/v6\/kategorier-og-emner\/\"},{\"@type\":\"ListItem\",\"position\":3,\"name\":\"7 Ressurser\",\"item\":\"https:\/\/breeam-infrastructure.byggalliansen.no\/v6\/kategorier-og-emner\/7-ressurser\/\"},{\"@type\":\"ListItem\",\"position\":4,\"name\":\"7.5 Ansvarlig innkj\u00f8p av byggeprodukter\",\"item\":\"http:\/\/breeam-infrastructure.byggalliansen.no\/v6\/kategorier-og-emner\/7-ressurser\/7-5-ansvarlig-innkjop-av-byggeprodukter\/\"},{\"@type\":\"ListItem\",\"position\":5,\"name\":\"7.5.2 \u00a0Ansvarlig innkj\u00f8p av byggeprodukter \u2013 vurdering\"}]},{\"@type\":\"WebSite\",\"@id\":\"https:\/\/breeam-infrastructure.byggalliansen.no\/v6\/#website\",\"url\":\"https:\/\/breeam-infrastructure.byggalliansen.no\/v6\/\",\"name\":\"BREEAM Infrastructure for prosjekter\",\"description\":\"Utgave 6, 2024\",\"potentialAction\":[{\"@type\":\"SearchAction\",\"target\":{\"@type\":\"EntryPoint\",\"urlTemplate\":\"https:\/\/breeam-infrastructure.byggalliansen.no\/v6\/?s={search_term_string}\"},\"query-input\":{\"@type\":\"PropertyValueSpecification\",\"valueRequired\":true,\"valueName\":\"search_term_string\"}}],\"inLanguage\":\"nb-NO\"}]}<\/script>\n<!-- \/ Yoast SEO plugin. -->","yoast_head_json":{"title":"7.5.2 \u00a0Ansvarlig innkj\u00f8p av byggeprodukter \u2013 vurdering - BREEAM Infrastructure for prosjekter","robots":{"index":"index","follow":"follow","max-snippet":"max-snippet:-1","max-image-preview":"max-image-preview:large","max-video-preview":"max-video-preview:-1"},"canonical":"https:\/\/breeam-infrastructure.byggalliansen.no\/v6\/kategorier-og-emner\/7-ressurser\/7-5-ansvarlig-innkjop-av-byggeprodukter\/7-5-2-ansvarlig-innkjop-av-byggeprodukter-vurdering\/","og_locale":"nb_NO","og_type":"article","og_title":"7.5.2 \u00a0Ansvarlig innkj\u00f8p av byggeprodukter \u2013 vurdering - BREEAM Infrastructure for prosjekter","og_description":"7.5.2.1 &nbsp;Ansvarlig innkj\u00f8p av materialer er evaluert gjennom utarbeidelse av en plan for b\u00e6rekraftig anskaffelse og spesifisert som et prosjektkrav f\u00f8r bestilling.","og_url":"https:\/\/breeam-infrastructure.byggalliansen.no\/v6\/kategorier-og-emner\/7-ressurser\/7-5-ansvarlig-innkjop-av-byggeprodukter\/7-5-2-ansvarlig-innkjop-av-byggeprodukter-vurdering\/","og_site_name":"BREEAM Infrastructure for prosjekter","article_modified_time":"2025-03-24T14:32:01+00:00","twitter_card":"summary_large_image","twitter_misc":{"Ansl. lesetid":"1 minutt"},"schema":{"@context":"https:\/\/schema.org","@graph":[{"@type":"WebPage","@id":"https:\/\/breeam-infrastructure.byggalliansen.no\/v6\/kategorier-og-emner\/7-ressurser\/7-5-ansvarlig-innkjop-av-byggeprodukter\/7-5-2-ansvarlig-innkjop-av-byggeprodukter-vurdering\/","url":"https:\/\/breeam-infrastructure.byggalliansen.no\/v6\/kategorier-og-emner\/7-ressurser\/7-5-ansvarlig-innkjop-av-byggeprodukter\/7-5-2-ansvarlig-innkjop-av-byggeprodukter-vurdering\/","name":"7.5.2 \u00a0Ansvarlig innkj\u00f8p av byggeprodukter \u2013 vurdering - BREEAM Infrastructure for prosjekter","isPartOf":{"@id":"https:\/\/breeam-infrastructure.byggalliansen.no\/v6\/#website"},"datePublished":"2025-01-22T12:55:46+00:00","dateModified":"2025-03-24T14:32:01+00:00","breadcrumb":{"@id":"https:\/\/breeam-infrastructure.byggalliansen.no\/v6\/kategorier-og-emner\/7-ressurser\/7-5-ansvarlig-innkjop-av-byggeprodukter\/7-5-2-ansvarlig-innkjop-av-byggeprodukter-vurdering\/#breadcrumb"},"inLanguage":"nb-NO","potentialAction":[{"@type":"ReadAction","target":["https:\/\/breeam-infrastructure.byggalliansen.no\/v6\/kategorier-og-emner\/7-ressurser\/7-5-ansvarlig-innkjop-av-byggeprodukter\/7-5-2-ansvarlig-innkjop-av-byggeprodukter-vurdering\/"]}]},{"@type":"BreadcrumbList","@id":"https:\/\/breeam-infrastructure.byggalliansen.no\/v6\/kategorier-og-emner\/7-ressurser\/7-5-ansvarlig-innkjop-av-byggeprodukter\/7-5-2-ansvarlig-innkjop-av-byggeprodukter-vurdering\/#breadcrumb","itemListElement":[{"@type":"ListItem","position":1,"name":"BREEAM Infrastructure for prosjekter","item":"http:\/\/breeam-infrastructure.byggalliansen.no\/v6\/"},{"@type":"ListItem","position":2,"name":"Kategorier og emner","item":"https:\/\/breeam-infrastructure.byggalliansen.no\/v6\/kategorier-og-emner\/"},{"@type":"ListItem","position":3,"name":"7 Ressurser","item":"https:\/\/breeam-infrastructure.byggalliansen.no\/v6\/kategorier-og-emner\/7-ressurser\/"},{"@type":"ListItem","position":4,"name":"7.5 Ansvarlig innkj\u00f8p av byggeprodukter","item":"http:\/\/breeam-infrastructure.byggalliansen.no\/v6\/kategorier-og-emner\/7-ressurser\/7-5-ansvarlig-innkjop-av-byggeprodukter\/"},{"@type":"ListItem","position":5,"name":"7.5.2 \u00a0Ansvarlig innkj\u00f8p av byggeprodukter \u2013 vurdering"}]},{"@type":"WebSite","@id":"https:\/\/breeam-infrastructure.byggalliansen.no\/v6\/#website","url":"https:\/\/breeam-infrastructure.byggalliansen.no\/v6\/","name":"BREEAM Infrastructure for prosjekter","description":"Utgave 6, 2024","potentialAction":[{"@type":"SearchAction","target":{"@type":"EntryPoint","urlTemplate":"https:\/\/breeam-infrastructure.byggalliansen.no\/v6\/?s={search_term_string}"},"query-input":{"@type":"PropertyValueSpecification","valueRequired":true,"valueName":"search_term_string"}}],"inLanguage":"nb-NO"}]}},"_links":{"self":[{"href":"http:\/\/breeam-infrastructure.byggalliansen.no\/v6\/wp-json\/wp\/v2\/pages\/2719","targetHints":{"allow":["GET"]}}],"collection":[{"href":"http:\/\/breeam-infrastructure.byggalliansen.no\/v6\/wp-json\/wp\/v2\/pages"}],"about":[{"href":"http:\/\/breeam-infrastructure.byggalliansen.no\/v6\/wp-json\/wp\/v2\/types\/page"}],"author":[{"embeddable":true,"href":"http:\/\/breeam-infrastructure.byggalliansen.no\/v6\/wp-json\/wp\/v2\/users\/2"}],"replies":[{"embeddable":true,"href":"http:\/\/breeam-infrastructure.byggalliansen.no\/v6\/wp-json\/wp\/v2\/comments?post=2719"}],"version-history":[{"count":3,"href":"http:\/\/breeam-infrastructure.byggalliansen.no\/v6\/wp-json\/wp\/v2\/pages\/2719\/revisions"}],"predecessor-version":[{"id":4038,"href":"http:\/\/breeam-infrastructure.byggalliansen.no\/v6\/wp-json\/wp\/v2\/pages\/2719\/revisions\/4038"}],"up":[{"embeddable":true,"href":"http:\/\/breeam-infrastructure.byggalliansen.no\/v6\/wp-json\/wp\/v2\/pages\/2574"}],"wp:attachment":[{"href":"http:\/\/breeam-infrastructure.byggalliansen.no\/v6\/wp-json\/wp\/v2\/media?parent=2719"}],"wp:term":[{"taxonomy":"category","embeddable":true,"href":"http:\/\/breeam-infrastructure.byggalliansen.no\/v6\/wp-json\/wp\/v2\/categories?post=2719"},{"taxonomy":"connection","embeddable":true,"href":"http:\/\/breeam-infrastructure.byggalliansen.no\/v6\/wp-json\/wp\/v2\/connection?post=2719"}],"curies":[{"name":"wp","href":"https:\/\/api.w.org\/{rel}","templated":true}]}}