{"id":2261,"date":"2025-01-08T08:41:07","date_gmt":"2025-01-08T08:41:07","guid":{"rendered":"https:\/\/manualer.byggalliansen.no\/v6\/?page_id=2261"},"modified":"2025-03-11T07:25:29","modified_gmt":"2025-03-11T07:25:29","slug":"minstekrav","status":"publish","type":"page","link":"https:\/\/breeam-infrastructure.byggalliansen.no\/v6\/bedomming-og-klassifisering\/minstekrav\/","title":{"rendered":"Minstekrav"},"content":{"rendered":"\n<p>BREEAM Infrastructure for prosjekter har minstekrav til prestasjon for \u00e5 sikre at viktige emner ikke blir oversett ved oppn\u00e5else av spesifikke klassifiseringer. Der det er aktuelt, m\u00e5 minstekravet oppfylles for at en bestemt klassifisering skal kunne tildeles. Minstekravene i BREEAM Infrastructure for prosjekter er for \u00f8yeblikket begrenset til Outstanding-klassifiseringen, og st\u00e5r oppf\u00f8rt i tabell&nbsp;5.<\/p>\n\n\n\n<p><\/p>\n\n\n\n<figure class=\"wp-block-table is-style-core-borders\"><table class=\"has-fixed-layout\"><thead><tr><th>Klassifiseringsniv\u00e5<\/th><th>Emne<\/th><th>Revisjonskriterier<\/th><th>Minstekrav<\/th><\/tr><\/thead><tbody><tr><td rowspan=\"5\">Outstanding<\/td><td rowspan=\"2\"><a href=\"https:\/\/breeam-infrastructure.byggalliansen.no\/v6\/kategorier-og-emner\/2-robusthet\/2-1-risikovurdering-og-tiltak\/\">2.1 Risikovurdering og tiltak<\/a><\/td><td><a href=\"https:\/\/breeam-infrastructure.byggalliansen.no\/v6\/kategorier-og-emner\/2-robusthet\/2-1-risikovurdering-og-tiltak\/2-1-2-identifisering-av-avhengigheter\/\">2.1.2 Identifisering av avhengigheter (obligatorisk)<\/a><\/td><td rowspan=\"2\">Full poengsum for 2.1.2 og 2.1.3 (84&nbsp;poeng)<\/td><\/tr><tr><td><a href=\"https:\/\/breeam-infrastructure.byggalliansen.no\/v6\/kategorier-og-emner\/2-robusthet\/2-1-risikovurdering-og-tiltak\/2-1-3-kommunikasjon-av-avhengigheter\/\">2.1.3 Kommunikasjon av avhengigheter (obligatorisk)<\/a><\/td><\/tr><tr><td><a data-type=\"page\" data-id=\"3429\" href=\"https:\/\/breeam-infrastructure.byggalliansen.no\/v6\/kategorier-og-emner\/lipsum-standard-mal-2-5\/4-4-endring-og-forbedring-av-biodiversitet\/\">4.<\/a><a href=\"https:\/\/breeam-infrastructure.byggalliansen.no\/v6\/kategorier-og-emner\/4-arealbruk-og-okologi\/4-4-endring-og-forbedring-av-biodiversitet\/\">4 Endring og forbedring av biodiversitet<\/a><\/td><td><a href=\"https:\/\/breeam-infrastructure.byggalliansen.no\/v6\/kategorier-og-emner\/4-arealbruk-og-okologi\/4-4-endring-og-forbedring-av-biodiversitet\/4-4-1-endring-av-okologisk-verdi\/\">4.4.1 Endring av \u00f8kologisk verdi<\/a><\/td><td>Netto null tap av \u00f8kologisk verdi (20 poeng)<\/td><\/tr><tr><td><a href=\"https:\/\/breeam-infrastructure.byggalliansen.no\/v6\/kategorier-og-emner\/7-ressurser\/7-2-reduksjon-av-klimagassutslipp-i-hele-livslopet\/\" data-type=\"page\" data-id=\"2548\">7.2 Reduksjon av klimagassutslipp i hele livsl\u00f8pet<\/a><\/td><td><a href=\"https:\/\/breeam-infrastructure.byggalliansen.no\/v6\/kategorier-og-emner\/7-ressurser\/7-2-reduksjon-av-klimagassutslipp-i-hele-livslopet\/7-2-2-uavhengig-tredjepartssertifisering-av-klimagassledelse\/\" data-type=\"page\" data-id=\"2554\">7.2.2 Uavhengig tredjepartssertifisering av klimagassledelse<\/a><\/td><td>Klimagassledelse sertifisert i henhold til PAS&nbsp;2080 av uavhengig tredjepart (9\/18\/27&nbsp;poeng)<\/td><\/tr><tr><td><a href=\"https:\/\/breeam-infrastructure.byggalliansen.no\/v6\/kategorier-og-emner\/7-ressurser\/7-4-sirkulaer-bruk-av-byggeprodukter\/\" data-type=\"page\" data-id=\"2580\">7.4 Sirkul\u00e6r bruk av byggeprodukter<\/a><\/td><td><a href=\"https:\/\/breeam-infrastructure.byggalliansen.no\/v6\/kategorier-og-emner\/7-ressurser\/7-4-sirkulaer-bruk-av-byggeprodukter\/7-4-2-forretningsmodeller-for-en-sirkulaer-okonomi-implementert\/\" data-type=\"page\" data-id=\"2640\">7.4.2 Forretningsmodeller for en sirkul\u00e6r \u00f8konomi \u2013 integrert<\/a><\/td><td>Minst \u00e9n forretningsmodell er implementert (2 poeng)<\/td><\/tr><\/tbody><\/table><figcaption class=\"wp-element-caption\">Tabell&nbsp;5. Minstekrav i BREEAM Infrastructure for prosjekter \u2013 internasjonal utgave<\/figcaption><\/figure>\n\n\n\n<p><\/p>\n","protected":false},"excerpt":{"rendered":"<p>BREEAM Infrastructure for prosjekter har minstekrav til prestasjon for \u00e5 sikre at viktige emner ikke blir oversett ved oppn\u00e5else av spesifikke klassifiseringer. Der det er aktuelt, m\u00e5 minstekravet oppfylles for at en bestemt klassifisering skal kunne tildeles. Minstekravene i BREEAM Infrastructure for prosjekter er for \u00f8yeblikket begrenset til Outstanding-klassifiseringen, og st\u00e5r oppf\u00f8rt i tabell&nbsp;5. Klassifiseringsniv\u00e5 [&hellip;]<\/p>\n","protected":false},"author":2,"featured_media":0,"parent":2257,"menu_order":1,"comment_status":"closed","ping_status":"closed","template":"page-page.php","meta":{"_acf_changed":false,"footnotes":""},"categories":[],"connection":[],"class_list":["post-2261","page","type-page","status-publish","hentry"],"acf":[],"yoast_head":"<!-- This site is optimized with the Yoast SEO plugin v24.6 - https:\/\/yoast.com\/wordpress\/plugins\/seo\/ -->\n<title>Minstekrav - BREEAM Infrastructure for prosjekter<\/title>\n<meta name=\"robots\" content=\"index, follow, max-snippet:-1, max-image-preview:large, max-video-preview:-1\" \/>\n<link rel=\"canonical\" href=\"https:\/\/breeam-infrastructure.byggalliansen.no\/v6\/bedomming-og-klassifisering\/minstekrav\/\" \/>\n<meta property=\"og:locale\" content=\"nb_NO\" \/>\n<meta property=\"og:type\" content=\"article\" \/>\n<meta property=\"og:title\" content=\"Minstekrav - BREEAM Infrastructure for prosjekter\" \/>\n<meta property=\"og:description\" content=\"BREEAM Infrastructure for prosjekter har minstekrav til prestasjon for \u00e5 sikre at viktige emner ikke blir oversett ved oppn\u00e5else av spesifikke klassifiseringer. Der det er aktuelt, m\u00e5 minstekravet oppfylles for at en bestemt klassifisering skal kunne tildeles. Minstekravene i BREEAM Infrastructure for prosjekter er for \u00f8yeblikket begrenset til Outstanding-klassifiseringen, og st\u00e5r oppf\u00f8rt i tabell&nbsp;5. Klassifiseringsniv\u00e5 [&hellip;]\" \/>\n<meta property=\"og:url\" content=\"https:\/\/breeam-infrastructure.byggalliansen.no\/v6\/bedomming-og-klassifisering\/minstekrav\/\" \/>\n<meta property=\"og:site_name\" content=\"BREEAM Infrastructure for prosjekter\" \/>\n<meta property=\"article:modified_time\" content=\"2025-03-11T07:25:29+00:00\" \/>\n<meta name=\"twitter:card\" content=\"summary_large_image\" \/>\n<meta name=\"twitter:label1\" content=\"Ansl. lesetid\" \/>\n\t<meta name=\"twitter:data1\" content=\"1 minutt\" \/>\n<script type=\"application\/ld+json\" class=\"yoast-schema-graph\">{\"@context\":\"https:\/\/schema.org\",\"@graph\":[{\"@type\":\"WebPage\",\"@id\":\"https:\/\/breeam-infrastructure.byggalliansen.no\/v6\/bedomming-og-klassifisering\/minstekrav\/\",\"url\":\"https:\/\/breeam-infrastructure.byggalliansen.no\/v6\/bedomming-og-klassifisering\/minstekrav\/\",\"name\":\"Minstekrav - BREEAM Infrastructure for prosjekter\",\"isPartOf\":{\"@id\":\"http:\/\/breeam-infrastructure.byggalliansen.no\/v6\/#website\"},\"datePublished\":\"2025-01-08T08:41:07+00:00\",\"dateModified\":\"2025-03-11T07:25:29+00:00\",\"breadcrumb\":{\"@id\":\"https:\/\/breeam-infrastructure.byggalliansen.no\/v6\/bedomming-og-klassifisering\/minstekrav\/#breadcrumb\"},\"inLanguage\":\"nb-NO\",\"potentialAction\":[{\"@type\":\"ReadAction\",\"target\":[\"https:\/\/breeam-infrastructure.byggalliansen.no\/v6\/bedomming-og-klassifisering\/minstekrav\/\"]}]},{\"@type\":\"BreadcrumbList\",\"@id\":\"https:\/\/breeam-infrastructure.byggalliansen.no\/v6\/bedomming-og-klassifisering\/minstekrav\/#breadcrumb\",\"itemListElement\":[{\"@type\":\"ListItem\",\"position\":1,\"name\":\"BREEAM Infrastructure for prosjekter\",\"item\":\"https:\/\/breeam-infrastructure.byggalliansen.no\/v6\/\"},{\"@type\":\"ListItem\",\"position\":2,\"name\":\"Bed\u00f8mming og klassifisering\",\"item\":\"https:\/\/breeam-infrastructure.byggalliansen.no\/v6\/bedomming-og-klassifisering\/\"},{\"@type\":\"ListItem\",\"position\":3,\"name\":\"Minstekrav\"}]},{\"@type\":\"WebSite\",\"@id\":\"http:\/\/breeam-infrastructure.byggalliansen.no\/v6\/#website\",\"url\":\"http:\/\/breeam-infrastructure.byggalliansen.no\/v6\/\",\"name\":\"BREEAM Infrastructure for prosjekter\",\"description\":\"Utgave 6, 2024\",\"potentialAction\":[{\"@type\":\"SearchAction\",\"target\":{\"@type\":\"EntryPoint\",\"urlTemplate\":\"http:\/\/breeam-infrastructure.byggalliansen.no\/v6\/?s={search_term_string}\"},\"query-input\":{\"@type\":\"PropertyValueSpecification\",\"valueRequired\":true,\"valueName\":\"search_term_string\"}}],\"inLanguage\":\"nb-NO\"}]}<\/script>\n<!-- \/ Yoast SEO plugin. -->","yoast_head_json":{"title":"Minstekrav - BREEAM Infrastructure for prosjekter","robots":{"index":"index","follow":"follow","max-snippet":"max-snippet:-1","max-image-preview":"max-image-preview:large","max-video-preview":"max-video-preview:-1"},"canonical":"https:\/\/breeam-infrastructure.byggalliansen.no\/v6\/bedomming-og-klassifisering\/minstekrav\/","og_locale":"nb_NO","og_type":"article","og_title":"Minstekrav - BREEAM Infrastructure for prosjekter","og_description":"BREEAM Infrastructure for prosjekter har minstekrav til prestasjon for \u00e5 sikre at viktige emner ikke blir oversett ved oppn\u00e5else av spesifikke klassifiseringer. Der det er aktuelt, m\u00e5 minstekravet oppfylles for at en bestemt klassifisering skal kunne tildeles. Minstekravene i BREEAM Infrastructure for prosjekter er for \u00f8yeblikket begrenset til Outstanding-klassifiseringen, og st\u00e5r oppf\u00f8rt i tabell&nbsp;5. Klassifiseringsniv\u00e5 [&hellip;]","og_url":"https:\/\/breeam-infrastructure.byggalliansen.no\/v6\/bedomming-og-klassifisering\/minstekrav\/","og_site_name":"BREEAM Infrastructure for prosjekter","article_modified_time":"2025-03-11T07:25:29+00:00","twitter_card":"summary_large_image","twitter_misc":{"Ansl. lesetid":"1 minutt"},"schema":{"@context":"https:\/\/schema.org","@graph":[{"@type":"WebPage","@id":"https:\/\/breeam-infrastructure.byggalliansen.no\/v6\/bedomming-og-klassifisering\/minstekrav\/","url":"https:\/\/breeam-infrastructure.byggalliansen.no\/v6\/bedomming-og-klassifisering\/minstekrav\/","name":"Minstekrav - BREEAM Infrastructure for prosjekter","isPartOf":{"@id":"http:\/\/breeam-infrastructure.byggalliansen.no\/v6\/#website"},"datePublished":"2025-01-08T08:41:07+00:00","dateModified":"2025-03-11T07:25:29+00:00","breadcrumb":{"@id":"https:\/\/breeam-infrastructure.byggalliansen.no\/v6\/bedomming-og-klassifisering\/minstekrav\/#breadcrumb"},"inLanguage":"nb-NO","potentialAction":[{"@type":"ReadAction","target":["https:\/\/breeam-infrastructure.byggalliansen.no\/v6\/bedomming-og-klassifisering\/minstekrav\/"]}]},{"@type":"BreadcrumbList","@id":"https:\/\/breeam-infrastructure.byggalliansen.no\/v6\/bedomming-og-klassifisering\/minstekrav\/#breadcrumb","itemListElement":[{"@type":"ListItem","position":1,"name":"BREEAM Infrastructure for prosjekter","item":"https:\/\/breeam-infrastructure.byggalliansen.no\/v6\/"},{"@type":"ListItem","position":2,"name":"Bed\u00f8mming og klassifisering","item":"https:\/\/breeam-infrastructure.byggalliansen.no\/v6\/bedomming-og-klassifisering\/"},{"@type":"ListItem","position":3,"name":"Minstekrav"}]},{"@type":"WebSite","@id":"http:\/\/breeam-infrastructure.byggalliansen.no\/v6\/#website","url":"http:\/\/breeam-infrastructure.byggalliansen.no\/v6\/","name":"BREEAM Infrastructure for prosjekter","description":"Utgave 6, 2024","potentialAction":[{"@type":"SearchAction","target":{"@type":"EntryPoint","urlTemplate":"http:\/\/breeam-infrastructure.byggalliansen.no\/v6\/?s={search_term_string}"},"query-input":{"@type":"PropertyValueSpecification","valueRequired":true,"valueName":"search_term_string"}}],"inLanguage":"nb-NO"}]}},"_links":{"self":[{"href":"https:\/\/breeam-infrastructure.byggalliansen.no\/v6\/wp-json\/wp\/v2\/pages\/2261","targetHints":{"allow":["GET"]}}],"collection":[{"href":"https:\/\/breeam-infrastructure.byggalliansen.no\/v6\/wp-json\/wp\/v2\/pages"}],"about":[{"href":"https:\/\/breeam-infrastructure.byggalliansen.no\/v6\/wp-json\/wp\/v2\/types\/page"}],"author":[{"embeddable":true,"href":"https:\/\/breeam-infrastructure.byggalliansen.no\/v6\/wp-json\/wp\/v2\/users\/2"}],"replies":[{"embeddable":true,"href":"https:\/\/breeam-infrastructure.byggalliansen.no\/v6\/wp-json\/wp\/v2\/comments?post=2261"}],"version-history":[{"count":3,"href":"https:\/\/breeam-infrastructure.byggalliansen.no\/v6\/wp-json\/wp\/v2\/pages\/2261\/revisions"}],"predecessor-version":[{"id":3903,"href":"https:\/\/breeam-infrastructure.byggalliansen.no\/v6\/wp-json\/wp\/v2\/pages\/2261\/revisions\/3903"}],"up":[{"embeddable":true,"href":"https:\/\/breeam-infrastructure.byggalliansen.no\/v6\/wp-json\/wp\/v2\/pages\/2257"}],"wp:attachment":[{"href":"https:\/\/breeam-infrastructure.byggalliansen.no\/v6\/wp-json\/wp\/v2\/media?parent=2261"}],"wp:term":[{"taxonomy":"category","embeddable":true,"href":"https:\/\/breeam-infrastructure.byggalliansen.no\/v6\/wp-json\/wp\/v2\/categories?post=2261"},{"taxonomy":"connection","embeddable":true,"href":"https:\/\/breeam-infrastructure.byggalliansen.no\/v6\/wp-json\/wp\/v2\/connection?post=2261"}],"curies":[{"name":"wp","href":"https:\/\/api.w.org\/{rel}","templated":true}]}}