{"id":2263,"date":"2025-01-08T08:41:38","date_gmt":"2025-01-08T08:41:38","guid":{"rendered":"https:\/\/manualer.byggalliansen.no\/v6\/?page_id=2263"},"modified":"2025-01-13T14:55:05","modified_gmt":"2025-01-13T14:55:05","slug":"emner-og-poeng","status":"publish","type":"page","link":"https:\/\/breeam-infrastructure.byggalliansen.no\/v6\/bedomming-og-klassifisering\/emner-og-poeng\/","title":{"rendered":"Emner og poeng"},"content":{"rendered":"\n<p>BREEAM Infrastructure for prosjekter best\u00e5r av tretti emner fordelt p\u00e5 \u00e5tte kategorier. Hvert emne dekker et spesifikt aspekt knyttet til b\u00e6rekraft.<\/p>\n\n\n\n<p>Man kan oppn\u00e5 5000 poeng totalt. Antallet poeng som er tilgjengelig varierer mellom ulike emner. Generelt gjenspeiler denne variasjonen betydningen av \u00e5 avveie p\u00e5virkningen knyttet til et aktuelt emne, sett i forhold til de andre emnene innenfor kategorien. For enkelte kriterier er antallet poeng basert p\u00e5 en skala (eller referanseverdi), der man oppn\u00e5r flere poeng jo h\u00f8yere resultater man oppn\u00e5r.<\/p>\n\n\n\n<p>I tillegg til poengsummene for kategoriene, representerer den samlede poengsummen og den endelige BREEAM-klassifiseringen, kontrollert opp mot enkeltemner, ogs\u00e5 gode n\u00f8kkelindikatorer for ulike former for p\u00e5virkning gjennom livssyklusen til prosjektet.<\/p>\n","protected":false},"excerpt":{"rendered":"<p>BREEAM Infrastructure for prosjekter best\u00e5r av tretti emner fordelt p\u00e5 \u00e5tte kategorier. Hvert emne dekker et spesifikt aspekt knyttet til b\u00e6rekraft. Man kan oppn\u00e5 5000 poeng totalt. Antallet poeng som er tilgjengelig varierer mellom ulike emner. Generelt gjenspeiler denne variasjonen betydningen av \u00e5 avveie p\u00e5virkningen knyttet til et aktuelt emne, sett i forhold til de [&hellip;]<\/p>\n","protected":false},"author":2,"featured_media":0,"parent":2257,"menu_order":2,"comment_status":"closed","ping_status":"closed","template":"page-page.php","meta":{"_acf_changed":false,"footnotes":""},"categories":[],"connection":[],"class_list":["post-2263","page","type-page","status-publish","hentry"],"acf":[],"yoast_head":"<!-- This site is optimized with the Yoast SEO plugin v24.6 - https:\/\/yoast.com\/wordpress\/plugins\/seo\/ -->\n<title>Emner og poeng - BREEAM Infrastructure for prosjekter<\/title>\n<meta name=\"robots\" content=\"index, follow, max-snippet:-1, max-image-preview:large, max-video-preview:-1\" \/>\n<link rel=\"canonical\" href=\"https:\/\/breeam-infrastructure.byggalliansen.no\/v6\/bedomming-og-klassifisering\/emner-og-poeng\/\" \/>\n<meta property=\"og:locale\" content=\"nb_NO\" \/>\n<meta property=\"og:type\" content=\"article\" \/>\n<meta property=\"og:title\" content=\"Emner og poeng - BREEAM Infrastructure for prosjekter\" \/>\n<meta property=\"og:description\" content=\"BREEAM Infrastructure for prosjekter best\u00e5r av tretti emner fordelt p\u00e5 \u00e5tte kategorier. Hvert emne dekker et spesifikt aspekt knyttet til b\u00e6rekraft. Man kan oppn\u00e5 5000 poeng totalt. Antallet poeng som er tilgjengelig varierer mellom ulike emner. Generelt gjenspeiler denne variasjonen betydningen av \u00e5 avveie p\u00e5virkningen knyttet til et aktuelt emne, sett i forhold til de [&hellip;]\" \/>\n<meta property=\"og:url\" content=\"https:\/\/breeam-infrastructure.byggalliansen.no\/v6\/bedomming-og-klassifisering\/emner-og-poeng\/\" \/>\n<meta property=\"og:site_name\" content=\"BREEAM Infrastructure for prosjekter\" \/>\n<meta property=\"article:modified_time\" content=\"2025-01-13T14:55:05+00:00\" \/>\n<meta name=\"twitter:card\" content=\"summary_large_image\" \/>\n<meta name=\"twitter:label1\" content=\"Ansl. lesetid\" \/>\n\t<meta name=\"twitter:data1\" content=\"1 minutt\" \/>\n<script type=\"application\/ld+json\" class=\"yoast-schema-graph\">{\"@context\":\"https:\/\/schema.org\",\"@graph\":[{\"@type\":\"WebPage\",\"@id\":\"https:\/\/breeam-infrastructure.byggalliansen.no\/v6\/bedomming-og-klassifisering\/emner-og-poeng\/\",\"url\":\"https:\/\/breeam-infrastructure.byggalliansen.no\/v6\/bedomming-og-klassifisering\/emner-og-poeng\/\",\"name\":\"Emner og poeng - BREEAM Infrastructure for prosjekter\",\"isPartOf\":{\"@id\":\"http:\/\/breeam-infrastructure.byggalliansen.no\/v6\/#website\"},\"datePublished\":\"2025-01-08T08:41:38+00:00\",\"dateModified\":\"2025-01-13T14:55:05+00:00\",\"breadcrumb\":{\"@id\":\"https:\/\/breeam-infrastructure.byggalliansen.no\/v6\/bedomming-og-klassifisering\/emner-og-poeng\/#breadcrumb\"},\"inLanguage\":\"nb-NO\",\"potentialAction\":[{\"@type\":\"ReadAction\",\"target\":[\"https:\/\/breeam-infrastructure.byggalliansen.no\/v6\/bedomming-og-klassifisering\/emner-og-poeng\/\"]}]},{\"@type\":\"BreadcrumbList\",\"@id\":\"https:\/\/breeam-infrastructure.byggalliansen.no\/v6\/bedomming-og-klassifisering\/emner-og-poeng\/#breadcrumb\",\"itemListElement\":[{\"@type\":\"ListItem\",\"position\":1,\"name\":\"BREEAM Infrastructure for prosjekter\",\"item\":\"https:\/\/breeam-infrastructure.byggalliansen.no\/v6\/\"},{\"@type\":\"ListItem\",\"position\":2,\"name\":\"Bed\u00f8mming og klassifisering\",\"item\":\"https:\/\/breeam-infrastructure.byggalliansen.no\/v6\/bedomming-og-klassifisering\/\"},{\"@type\":\"ListItem\",\"position\":3,\"name\":\"Emner og poeng\"}]},{\"@type\":\"WebSite\",\"@id\":\"http:\/\/breeam-infrastructure.byggalliansen.no\/v6\/#website\",\"url\":\"http:\/\/breeam-infrastructure.byggalliansen.no\/v6\/\",\"name\":\"BREEAM Infrastructure for prosjekter\",\"description\":\"Utgave 6, 2024\",\"potentialAction\":[{\"@type\":\"SearchAction\",\"target\":{\"@type\":\"EntryPoint\",\"urlTemplate\":\"http:\/\/breeam-infrastructure.byggalliansen.no\/v6\/?s={search_term_string}\"},\"query-input\":{\"@type\":\"PropertyValueSpecification\",\"valueRequired\":true,\"valueName\":\"search_term_string\"}}],\"inLanguage\":\"nb-NO\"}]}<\/script>\n<!-- \/ Yoast SEO plugin. -->","yoast_head_json":{"title":"Emner og poeng - BREEAM Infrastructure for prosjekter","robots":{"index":"index","follow":"follow","max-snippet":"max-snippet:-1","max-image-preview":"max-image-preview:large","max-video-preview":"max-video-preview:-1"},"canonical":"https:\/\/breeam-infrastructure.byggalliansen.no\/v6\/bedomming-og-klassifisering\/emner-og-poeng\/","og_locale":"nb_NO","og_type":"article","og_title":"Emner og poeng - BREEAM Infrastructure for prosjekter","og_description":"BREEAM Infrastructure for prosjekter best\u00e5r av tretti emner fordelt p\u00e5 \u00e5tte kategorier. Hvert emne dekker et spesifikt aspekt knyttet til b\u00e6rekraft. Man kan oppn\u00e5 5000 poeng totalt. Antallet poeng som er tilgjengelig varierer mellom ulike emner. Generelt gjenspeiler denne variasjonen betydningen av \u00e5 avveie p\u00e5virkningen knyttet til et aktuelt emne, sett i forhold til de [&hellip;]","og_url":"https:\/\/breeam-infrastructure.byggalliansen.no\/v6\/bedomming-og-klassifisering\/emner-og-poeng\/","og_site_name":"BREEAM Infrastructure for prosjekter","article_modified_time":"2025-01-13T14:55:05+00:00","twitter_card":"summary_large_image","twitter_misc":{"Ansl. lesetid":"1 minutt"},"schema":{"@context":"https:\/\/schema.org","@graph":[{"@type":"WebPage","@id":"https:\/\/breeam-infrastructure.byggalliansen.no\/v6\/bedomming-og-klassifisering\/emner-og-poeng\/","url":"https:\/\/breeam-infrastructure.byggalliansen.no\/v6\/bedomming-og-klassifisering\/emner-og-poeng\/","name":"Emner og poeng - BREEAM Infrastructure for prosjekter","isPartOf":{"@id":"http:\/\/breeam-infrastructure.byggalliansen.no\/v6\/#website"},"datePublished":"2025-01-08T08:41:38+00:00","dateModified":"2025-01-13T14:55:05+00:00","breadcrumb":{"@id":"https:\/\/breeam-infrastructure.byggalliansen.no\/v6\/bedomming-og-klassifisering\/emner-og-poeng\/#breadcrumb"},"inLanguage":"nb-NO","potentialAction":[{"@type":"ReadAction","target":["https:\/\/breeam-infrastructure.byggalliansen.no\/v6\/bedomming-og-klassifisering\/emner-og-poeng\/"]}]},{"@type":"BreadcrumbList","@id":"https:\/\/breeam-infrastructure.byggalliansen.no\/v6\/bedomming-og-klassifisering\/emner-og-poeng\/#breadcrumb","itemListElement":[{"@type":"ListItem","position":1,"name":"BREEAM Infrastructure for prosjekter","item":"https:\/\/breeam-infrastructure.byggalliansen.no\/v6\/"},{"@type":"ListItem","position":2,"name":"Bed\u00f8mming og klassifisering","item":"https:\/\/breeam-infrastructure.byggalliansen.no\/v6\/bedomming-og-klassifisering\/"},{"@type":"ListItem","position":3,"name":"Emner og poeng"}]},{"@type":"WebSite","@id":"http:\/\/breeam-infrastructure.byggalliansen.no\/v6\/#website","url":"http:\/\/breeam-infrastructure.byggalliansen.no\/v6\/","name":"BREEAM Infrastructure for prosjekter","description":"Utgave 6, 2024","potentialAction":[{"@type":"SearchAction","target":{"@type":"EntryPoint","urlTemplate":"http:\/\/breeam-infrastructure.byggalliansen.no\/v6\/?s={search_term_string}"},"query-input":{"@type":"PropertyValueSpecification","valueRequired":true,"valueName":"search_term_string"}}],"inLanguage":"nb-NO"}]}},"_links":{"self":[{"href":"https:\/\/breeam-infrastructure.byggalliansen.no\/v6\/wp-json\/wp\/v2\/pages\/2263","targetHints":{"allow":["GET"]}}],"collection":[{"href":"https:\/\/breeam-infrastructure.byggalliansen.no\/v6\/wp-json\/wp\/v2\/pages"}],"about":[{"href":"https:\/\/breeam-infrastructure.byggalliansen.no\/v6\/wp-json\/wp\/v2\/types\/page"}],"author":[{"embeddable":true,"href":"https:\/\/breeam-infrastructure.byggalliansen.no\/v6\/wp-json\/wp\/v2\/users\/2"}],"replies":[{"embeddable":true,"href":"https:\/\/breeam-infrastructure.byggalliansen.no\/v6\/wp-json\/wp\/v2\/comments?post=2263"}],"version-history":[{"count":2,"href":"https:\/\/breeam-infrastructure.byggalliansen.no\/v6\/wp-json\/wp\/v2\/pages\/2263\/revisions"}],"predecessor-version":[{"id":2381,"href":"https:\/\/breeam-infrastructure.byggalliansen.no\/v6\/wp-json\/wp\/v2\/pages\/2263\/revisions\/2381"}],"up":[{"embeddable":true,"href":"https:\/\/breeam-infrastructure.byggalliansen.no\/v6\/wp-json\/wp\/v2\/pages\/2257"}],"wp:attachment":[{"href":"https:\/\/breeam-infrastructure.byggalliansen.no\/v6\/wp-json\/wp\/v2\/media?parent=2263"}],"wp:term":[{"taxonomy":"category","embeddable":true,"href":"https:\/\/breeam-infrastructure.byggalliansen.no\/v6\/wp-json\/wp\/v2\/categories?post=2263"},{"taxonomy":"connection","embeddable":true,"href":"https:\/\/breeam-infrastructure.byggalliansen.no\/v6\/wp-json\/wp\/v2\/connection?post=2263"}],"curies":[{"name":"wp","href":"https:\/\/api.w.org\/{rel}","templated":true}]}}