{"id":3398,"date":"2025-02-10T15:14:50","date_gmt":"2025-02-10T15:14:50","guid":{"rendered":"https:\/\/manualer.byggalliansen.no\/v6\/?page_id=3398"},"modified":"2025-02-10T15:24:11","modified_gmt":"2025-02-10T15:24:11","slug":"5-1-4-lokal-landskapskarakter","status":"publish","type":"page","link":"https:\/\/breeam-infrastructure.byggalliansen.no\/v6\/kategorier-og-emner\/5-landskap-og-kulturarv\/5-1-landskap-og-visuell-pavirkning\/5-1-4-lokal-landskapskarakter\/","title":{"rendered":"5.1.4 \u00a0Lokal landskapskarakter"},"content":{"rendered":"\n<p>5.1.4.1 \u00a0Prosjekteringen samsvarer med aspektene nedenfor med hensyn til landskapets karakter.<\/p>\n\n\n\n<figure class=\"wp-block-table\"><table class=\"has-fixed-layout\"><thead><tr><th>Aspekt av landskapskarakter<\/th><th><\/th><\/tr><\/thead><tbody><tr><td>(i) Omr\u00e5dets form eller niv\u00e5er<\/td><td rowspan=\"6\">4 for hver<\/td><\/tr><tr><td>(ii) Materialer<\/td><\/tr><tr><td>(iii) Beplantning<\/td><\/tr><tr><td>(iv) Stil og detaljer<\/td><\/tr><tr><td>(v) St\u00f8rrelse<\/td><\/tr><tr><td>(vi) Landskaps- eller bylandskapstrekk<\/td><\/tr><\/tbody><\/table><\/figure>\n\n\n\n<p><\/p>\n","protected":false},"excerpt":{"rendered":"<p>5.1.4.1 \u00a0Prosjekteringen samsvarer med aspektene nedenfor med hensyn til landskapets karakter. Aspekt av landskapskarakter (i) Omr\u00e5dets form eller niv\u00e5er 4 for hver (ii) Materialer (iii) Beplantning (iv) Stil og detaljer (v) St\u00f8rrelse (vi) Landskaps- eller bylandskapstrekk<\/p>\n","protected":false},"author":2,"featured_media":0,"parent":3246,"menu_order":3,"comment_status":"closed","ping_status":"closed","template":"","meta":{"_acf_changed":false,"footnotes":""},"categories":[1],"connection":[206],"class_list":["post-3398","page","type-page","status-publish","hentry","category-kriterier","connection-5-1-4"],"acf":[],"yoast_head":"<!-- This site is optimized with the Yoast SEO plugin v24.6 - https:\/\/yoast.com\/wordpress\/plugins\/seo\/ -->\n<title>5.1.4 \u00a0Lokal landskapskarakter - BREEAM Infrastructure for prosjekter<\/title>\n<meta name=\"robots\" content=\"index, follow, max-snippet:-1, max-image-preview:large, max-video-preview:-1\" \/>\n<link rel=\"canonical\" href=\"https:\/\/breeam-infrastructure.byggalliansen.no\/v6\/kategorier-og-emner\/5-landskap-og-kulturarv\/5-1-landskap-og-visuell-pavirkning\/5-1-4-lokal-landskapskarakter\/\" \/>\n<meta property=\"og:locale\" content=\"nb_NO\" \/>\n<meta property=\"og:type\" content=\"article\" \/>\n<meta property=\"og:title\" content=\"5.1.4 \u00a0Lokal landskapskarakter - BREEAM Infrastructure for prosjekter\" \/>\n<meta property=\"og:description\" content=\"5.1.4.1 \u00a0Prosjekteringen samsvarer med aspektene nedenfor med hensyn til landskapets karakter. Aspekt av landskapskarakter (i) Omr\u00e5dets form eller niv\u00e5er 4 for hver (ii) Materialer (iii) Beplantning (iv) Stil og detaljer (v) St\u00f8rrelse (vi) Landskaps- eller bylandskapstrekk\" \/>\n<meta property=\"og:url\" content=\"https:\/\/breeam-infrastructure.byggalliansen.no\/v6\/kategorier-og-emner\/5-landskap-og-kulturarv\/5-1-landskap-og-visuell-pavirkning\/5-1-4-lokal-landskapskarakter\/\" \/>\n<meta property=\"og:site_name\" content=\"BREEAM Infrastructure for prosjekter\" \/>\n<meta property=\"article:modified_time\" content=\"2025-02-10T15:24:11+00:00\" \/>\n<meta name=\"twitter:card\" content=\"summary_large_image\" \/>\n<meta name=\"twitter:label1\" content=\"Ansl. lesetid\" \/>\n\t<meta name=\"twitter:data1\" content=\"1 minutt\" \/>\n<script type=\"application\/ld+json\" class=\"yoast-schema-graph\">{\"@context\":\"https:\/\/schema.org\",\"@graph\":[{\"@type\":\"WebPage\",\"@id\":\"https:\/\/breeam-infrastructure.byggalliansen.no\/v6\/kategorier-og-emner\/5-landskap-og-kulturarv\/5-1-landskap-og-visuell-pavirkning\/5-1-4-lokal-landskapskarakter\/\",\"url\":\"https:\/\/breeam-infrastructure.byggalliansen.no\/v6\/kategorier-og-emner\/5-landskap-og-kulturarv\/5-1-landskap-og-visuell-pavirkning\/5-1-4-lokal-landskapskarakter\/\",\"name\":\"5.1.4 \u00a0Lokal landskapskarakter - BREEAM Infrastructure for prosjekter\",\"isPartOf\":{\"@id\":\"http:\/\/breeam-infrastructure.byggalliansen.no\/v6\/#website\"},\"datePublished\":\"2025-02-10T15:14:50+00:00\",\"dateModified\":\"2025-02-10T15:24:11+00:00\",\"breadcrumb\":{\"@id\":\"https:\/\/breeam-infrastructure.byggalliansen.no\/v6\/kategorier-og-emner\/5-landskap-og-kulturarv\/5-1-landskap-og-visuell-pavirkning\/5-1-4-lokal-landskapskarakter\/#breadcrumb\"},\"inLanguage\":\"nb-NO\",\"potentialAction\":[{\"@type\":\"ReadAction\",\"target\":[\"https:\/\/breeam-infrastructure.byggalliansen.no\/v6\/kategorier-og-emner\/5-landskap-og-kulturarv\/5-1-landskap-og-visuell-pavirkning\/5-1-4-lokal-landskapskarakter\/\"]}]},{\"@type\":\"BreadcrumbList\",\"@id\":\"https:\/\/breeam-infrastructure.byggalliansen.no\/v6\/kategorier-og-emner\/5-landskap-og-kulturarv\/5-1-landskap-og-visuell-pavirkning\/5-1-4-lokal-landskapskarakter\/#breadcrumb\",\"itemListElement\":[{\"@type\":\"ListItem\",\"position\":1,\"name\":\"BREEAM Infrastructure for prosjekter\",\"item\":\"https:\/\/breeam-infrastructure.byggalliansen.no\/v6\/\"},{\"@type\":\"ListItem\",\"position\":2,\"name\":\"Kategorier og emner\",\"item\":\"http:\/\/breeam-infrastructure.byggalliansen.no\/v6\/kategorier-og-emner\/\"},{\"@type\":\"ListItem\",\"position\":3,\"name\":\"5 Landskap og kulturarv\",\"item\":\"https:\/\/breeam-infrastructure.byggalliansen.no\/v6\/kategorier-og-emner\/5-landskap-og-kulturarv\/\"},{\"@type\":\"ListItem\",\"position\":4,\"name\":\"5.1 Landskap og visuell p\u00e5virkning\",\"item\":\"https:\/\/breeam-infrastructure.byggalliansen.no\/v6\/kategorier-og-emner\/5-landskap-og-kulturarv\/5-1-landskap-og-visuell-pavirkning\/\"},{\"@type\":\"ListItem\",\"position\":5,\"name\":\"5.1.4 \u00a0Lokal landskapskarakter\"}]},{\"@type\":\"WebSite\",\"@id\":\"http:\/\/breeam-infrastructure.byggalliansen.no\/v6\/#website\",\"url\":\"http:\/\/breeam-infrastructure.byggalliansen.no\/v6\/\",\"name\":\"BREEAM Infrastructure for prosjekter\",\"description\":\"Utgave 6, 2024\",\"potentialAction\":[{\"@type\":\"SearchAction\",\"target\":{\"@type\":\"EntryPoint\",\"urlTemplate\":\"http:\/\/breeam-infrastructure.byggalliansen.no\/v6\/?s={search_term_string}\"},\"query-input\":{\"@type\":\"PropertyValueSpecification\",\"valueRequired\":true,\"valueName\":\"search_term_string\"}}],\"inLanguage\":\"nb-NO\"}]}<\/script>\n<!-- \/ Yoast SEO plugin. -->","yoast_head_json":{"title":"5.1.4 \u00a0Lokal landskapskarakter - BREEAM Infrastructure for prosjekter","robots":{"index":"index","follow":"follow","max-snippet":"max-snippet:-1","max-image-preview":"max-image-preview:large","max-video-preview":"max-video-preview:-1"},"canonical":"https:\/\/breeam-infrastructure.byggalliansen.no\/v6\/kategorier-og-emner\/5-landskap-og-kulturarv\/5-1-landskap-og-visuell-pavirkning\/5-1-4-lokal-landskapskarakter\/","og_locale":"nb_NO","og_type":"article","og_title":"5.1.4 \u00a0Lokal landskapskarakter - BREEAM Infrastructure for prosjekter","og_description":"5.1.4.1 \u00a0Prosjekteringen samsvarer med aspektene nedenfor med hensyn til landskapets karakter. Aspekt av landskapskarakter (i) Omr\u00e5dets form eller niv\u00e5er 4 for hver (ii) Materialer (iii) Beplantning (iv) Stil og detaljer (v) St\u00f8rrelse (vi) Landskaps- eller bylandskapstrekk","og_url":"https:\/\/breeam-infrastructure.byggalliansen.no\/v6\/kategorier-og-emner\/5-landskap-og-kulturarv\/5-1-landskap-og-visuell-pavirkning\/5-1-4-lokal-landskapskarakter\/","og_site_name":"BREEAM Infrastructure for prosjekter","article_modified_time":"2025-02-10T15:24:11+00:00","twitter_card":"summary_large_image","twitter_misc":{"Ansl. lesetid":"1 minutt"},"schema":{"@context":"https:\/\/schema.org","@graph":[{"@type":"WebPage","@id":"https:\/\/breeam-infrastructure.byggalliansen.no\/v6\/kategorier-og-emner\/5-landskap-og-kulturarv\/5-1-landskap-og-visuell-pavirkning\/5-1-4-lokal-landskapskarakter\/","url":"https:\/\/breeam-infrastructure.byggalliansen.no\/v6\/kategorier-og-emner\/5-landskap-og-kulturarv\/5-1-landskap-og-visuell-pavirkning\/5-1-4-lokal-landskapskarakter\/","name":"5.1.4 \u00a0Lokal landskapskarakter - BREEAM Infrastructure for prosjekter","isPartOf":{"@id":"http:\/\/breeam-infrastructure.byggalliansen.no\/v6\/#website"},"datePublished":"2025-02-10T15:14:50+00:00","dateModified":"2025-02-10T15:24:11+00:00","breadcrumb":{"@id":"https:\/\/breeam-infrastructure.byggalliansen.no\/v6\/kategorier-og-emner\/5-landskap-og-kulturarv\/5-1-landskap-og-visuell-pavirkning\/5-1-4-lokal-landskapskarakter\/#breadcrumb"},"inLanguage":"nb-NO","potentialAction":[{"@type":"ReadAction","target":["https:\/\/breeam-infrastructure.byggalliansen.no\/v6\/kategorier-og-emner\/5-landskap-og-kulturarv\/5-1-landskap-og-visuell-pavirkning\/5-1-4-lokal-landskapskarakter\/"]}]},{"@type":"BreadcrumbList","@id":"https:\/\/breeam-infrastructure.byggalliansen.no\/v6\/kategorier-og-emner\/5-landskap-og-kulturarv\/5-1-landskap-og-visuell-pavirkning\/5-1-4-lokal-landskapskarakter\/#breadcrumb","itemListElement":[{"@type":"ListItem","position":1,"name":"BREEAM Infrastructure for prosjekter","item":"https:\/\/breeam-infrastructure.byggalliansen.no\/v6\/"},{"@type":"ListItem","position":2,"name":"Kategorier og emner","item":"http:\/\/breeam-infrastructure.byggalliansen.no\/v6\/kategorier-og-emner\/"},{"@type":"ListItem","position":3,"name":"5 Landskap og kulturarv","item":"https:\/\/breeam-infrastructure.byggalliansen.no\/v6\/kategorier-og-emner\/5-landskap-og-kulturarv\/"},{"@type":"ListItem","position":4,"name":"5.1 Landskap og visuell p\u00e5virkning","item":"https:\/\/breeam-infrastructure.byggalliansen.no\/v6\/kategorier-og-emner\/5-landskap-og-kulturarv\/5-1-landskap-og-visuell-pavirkning\/"},{"@type":"ListItem","position":5,"name":"5.1.4 \u00a0Lokal landskapskarakter"}]},{"@type":"WebSite","@id":"http:\/\/breeam-infrastructure.byggalliansen.no\/v6\/#website","url":"http:\/\/breeam-infrastructure.byggalliansen.no\/v6\/","name":"BREEAM Infrastructure for prosjekter","description":"Utgave 6, 2024","potentialAction":[{"@type":"SearchAction","target":{"@type":"EntryPoint","urlTemplate":"http:\/\/breeam-infrastructure.byggalliansen.no\/v6\/?s={search_term_string}"},"query-input":{"@type":"PropertyValueSpecification","valueRequired":true,"valueName":"search_term_string"}}],"inLanguage":"nb-NO"}]}},"_links":{"self":[{"href":"https:\/\/breeam-infrastructure.byggalliansen.no\/v6\/wp-json\/wp\/v2\/pages\/3398","targetHints":{"allow":["GET"]}}],"collection":[{"href":"https:\/\/breeam-infrastructure.byggalliansen.no\/v6\/wp-json\/wp\/v2\/pages"}],"about":[{"href":"https:\/\/breeam-infrastructure.byggalliansen.no\/v6\/wp-json\/wp\/v2\/types\/page"}],"author":[{"embeddable":true,"href":"https:\/\/breeam-infrastructure.byggalliansen.no\/v6\/wp-json\/wp\/v2\/users\/2"}],"replies":[{"embeddable":true,"href":"https:\/\/breeam-infrastructure.byggalliansen.no\/v6\/wp-json\/wp\/v2\/comments?post=3398"}],"version-history":[{"count":3,"href":"https:\/\/breeam-infrastructure.byggalliansen.no\/v6\/wp-json\/wp\/v2\/pages\/3398\/revisions"}],"predecessor-version":[{"id":3409,"href":"https:\/\/breeam-infrastructure.byggalliansen.no\/v6\/wp-json\/wp\/v2\/pages\/3398\/revisions\/3409"}],"up":[{"embeddable":true,"href":"https:\/\/breeam-infrastructure.byggalliansen.no\/v6\/wp-json\/wp\/v2\/pages\/3246"}],"wp:attachment":[{"href":"https:\/\/breeam-infrastructure.byggalliansen.no\/v6\/wp-json\/wp\/v2\/media?parent=3398"}],"wp:term":[{"taxonomy":"category","embeddable":true,"href":"https:\/\/breeam-infrastructure.byggalliansen.no\/v6\/wp-json\/wp\/v2\/categories?post=3398"},{"taxonomy":"connection","embeddable":true,"href":"https:\/\/breeam-infrastructure.byggalliansen.no\/v6\/wp-json\/wp\/v2\/connection?post=3398"}],"curies":[{"name":"wp","href":"https:\/\/api.w.org\/{rel}","templated":true}]}}