{"id":3608,"date":"2025-02-13T08:34:27","date_gmt":"2025-02-13T08:34:27","guid":{"rendered":"https:\/\/manualer.byggalliansen.no\/v6\/?page_id=3608"},"modified":"2025-02-13T08:36:55","modified_gmt":"2025-02-13T08:36:55","slug":"3-2-samfunnsgevinster-i-et-storre-perspektiv","status":"publish","type":"page","link":"https:\/\/breeam-infrastructure.byggalliansen.no\/v6\/kategorier-og-emner\/3-lokalsamfunn-og-interessenter\/3-2-samfunnsgevinster-i-et-storre-perspektiv\/","title":{"rendered":"3.2 Samfunnsgevinster i et st\u00f8rre perspektiv"},"content":{"rendered":"\n<h2 class=\"wp-block-heading\">M\u00e5l<\/h2>\n\n\n\n<p>\u00c5 identifisere og implementere tiltak for \u00e5 redusere negative sosiale konsekvenser til et minimum og \u00f8ke samfunnsgevinster i et st\u00f8rre perspektiv i anleggs- og driftsfasen av prosjektet.<\/p>\n\n\n\n<p><\/p>\n","protected":false},"excerpt":{"rendered":"<p>\u00c5 identifisere og implementere tiltak for \u00e5 redusere negative sosiale konsekvenser til et minimum og \u00f8ke samfunnsgevinster i et st\u00f8rre perspektiv i anleggs- og driftsfasen av prosjektet.<\/p>\n","protected":false},"author":2,"featured_media":0,"parent":2024,"menu_order":1,"comment_status":"closed","ping_status":"closed","template":"page-portaltable.php","meta":{"_acf_changed":false,"footnotes":""},"categories":[],"connection":[],"class_list":["post-3608","page","type-page","status-publish","hentry"],"acf":[],"yoast_head":"<!-- This site is optimized with the Yoast SEO plugin v24.6 - https:\/\/yoast.com\/wordpress\/plugins\/seo\/ -->\n<title>3.2 Samfunnsgevinster i et st\u00f8rre perspektiv - BREEAM Infrastructure for prosjekter<\/title>\n<meta name=\"robots\" content=\"index, follow, max-snippet:-1, max-image-preview:large, max-video-preview:-1\" \/>\n<link rel=\"canonical\" href=\"https:\/\/breeam-infrastructure.byggalliansen.no\/v6\/kategorier-og-emner\/3-lokalsamfunn-og-interessenter\/3-2-samfunnsgevinster-i-et-storre-perspektiv\/\" \/>\n<meta property=\"og:locale\" content=\"nb_NO\" \/>\n<meta property=\"og:type\" content=\"article\" \/>\n<meta property=\"og:title\" content=\"3.2 Samfunnsgevinster i et st\u00f8rre perspektiv - BREEAM Infrastructure for prosjekter\" \/>\n<meta property=\"og:description\" content=\"\u00c5 identifisere og implementere tiltak for \u00e5 redusere negative sosiale konsekvenser til et minimum og \u00f8ke samfunnsgevinster i et st\u00f8rre perspektiv i anleggs- og driftsfasen av prosjektet.\" \/>\n<meta property=\"og:url\" content=\"https:\/\/breeam-infrastructure.byggalliansen.no\/v6\/kategorier-og-emner\/3-lokalsamfunn-og-interessenter\/3-2-samfunnsgevinster-i-et-storre-perspektiv\/\" \/>\n<meta property=\"og:site_name\" content=\"BREEAM Infrastructure for prosjekter\" \/>\n<meta property=\"article:modified_time\" content=\"2025-02-13T08:36:55+00:00\" \/>\n<meta name=\"twitter:card\" content=\"summary_large_image\" \/>\n<script type=\"application\/ld+json\" class=\"yoast-schema-graph\">{\"@context\":\"https:\/\/schema.org\",\"@graph\":[{\"@type\":\"WebPage\",\"@id\":\"https:\/\/breeam-infrastructure.byggalliansen.no\/v6\/kategorier-og-emner\/3-lokalsamfunn-og-interessenter\/3-2-samfunnsgevinster-i-et-storre-perspektiv\/\",\"url\":\"https:\/\/breeam-infrastructure.byggalliansen.no\/v6\/kategorier-og-emner\/3-lokalsamfunn-og-interessenter\/3-2-samfunnsgevinster-i-et-storre-perspektiv\/\",\"name\":\"3.2 Samfunnsgevinster i et st\u00f8rre perspektiv - BREEAM Infrastructure for prosjekter\",\"isPartOf\":{\"@id\":\"http:\/\/breeam-infrastructure.byggalliansen.no\/v6\/#website\"},\"datePublished\":\"2025-02-13T08:34:27+00:00\",\"dateModified\":\"2025-02-13T08:36:55+00:00\",\"breadcrumb\":{\"@id\":\"https:\/\/breeam-infrastructure.byggalliansen.no\/v6\/kategorier-og-emner\/3-lokalsamfunn-og-interessenter\/3-2-samfunnsgevinster-i-et-storre-perspektiv\/#breadcrumb\"},\"inLanguage\":\"nb-NO\",\"potentialAction\":[{\"@type\":\"ReadAction\",\"target\":[\"https:\/\/breeam-infrastructure.byggalliansen.no\/v6\/kategorier-og-emner\/3-lokalsamfunn-og-interessenter\/3-2-samfunnsgevinster-i-et-storre-perspektiv\/\"]}]},{\"@type\":\"BreadcrumbList\",\"@id\":\"https:\/\/breeam-infrastructure.byggalliansen.no\/v6\/kategorier-og-emner\/3-lokalsamfunn-og-interessenter\/3-2-samfunnsgevinster-i-et-storre-perspektiv\/#breadcrumb\",\"itemListElement\":[{\"@type\":\"ListItem\",\"position\":1,\"name\":\"BREEAM Infrastructure for prosjekter\",\"item\":\"https:\/\/breeam-infrastructure.byggalliansen.no\/v6\/\"},{\"@type\":\"ListItem\",\"position\":2,\"name\":\"Kategorier og emner\",\"item\":\"http:\/\/breeam-infrastructure.byggalliansen.no\/v6\/kategorier-og-emner\/\"},{\"@type\":\"ListItem\",\"position\":3,\"name\":\"3 Lokalsamfunn og interessenter\",\"item\":\"https:\/\/breeam-infrastructure.byggalliansen.no\/v6\/kategorier-og-emner\/3-lokalsamfunn-og-interessenter\/\"},{\"@type\":\"ListItem\",\"position\":4,\"name\":\"3.2 Samfunnsgevinster i et st\u00f8rre perspektiv\"}]},{\"@type\":\"WebSite\",\"@id\":\"http:\/\/breeam-infrastructure.byggalliansen.no\/v6\/#website\",\"url\":\"http:\/\/breeam-infrastructure.byggalliansen.no\/v6\/\",\"name\":\"BREEAM Infrastructure for prosjekter\",\"description\":\"Utgave 6, 2024\",\"potentialAction\":[{\"@type\":\"SearchAction\",\"target\":{\"@type\":\"EntryPoint\",\"urlTemplate\":\"http:\/\/breeam-infrastructure.byggalliansen.no\/v6\/?s={search_term_string}\"},\"query-input\":{\"@type\":\"PropertyValueSpecification\",\"valueRequired\":true,\"valueName\":\"search_term_string\"}}],\"inLanguage\":\"nb-NO\"}]}<\/script>\n<!-- \/ Yoast SEO plugin. -->","yoast_head_json":{"title":"3.2 Samfunnsgevinster i et st\u00f8rre perspektiv - BREEAM Infrastructure for prosjekter","robots":{"index":"index","follow":"follow","max-snippet":"max-snippet:-1","max-image-preview":"max-image-preview:large","max-video-preview":"max-video-preview:-1"},"canonical":"https:\/\/breeam-infrastructure.byggalliansen.no\/v6\/kategorier-og-emner\/3-lokalsamfunn-og-interessenter\/3-2-samfunnsgevinster-i-et-storre-perspektiv\/","og_locale":"nb_NO","og_type":"article","og_title":"3.2 Samfunnsgevinster i et st\u00f8rre perspektiv - BREEAM Infrastructure for prosjekter","og_description":"\u00c5 identifisere og implementere tiltak for \u00e5 redusere negative sosiale konsekvenser til et minimum og \u00f8ke samfunnsgevinster i et st\u00f8rre perspektiv i anleggs- og driftsfasen av prosjektet.","og_url":"https:\/\/breeam-infrastructure.byggalliansen.no\/v6\/kategorier-og-emner\/3-lokalsamfunn-og-interessenter\/3-2-samfunnsgevinster-i-et-storre-perspektiv\/","og_site_name":"BREEAM Infrastructure for prosjekter","article_modified_time":"2025-02-13T08:36:55+00:00","twitter_card":"summary_large_image","schema":{"@context":"https:\/\/schema.org","@graph":[{"@type":"WebPage","@id":"https:\/\/breeam-infrastructure.byggalliansen.no\/v6\/kategorier-og-emner\/3-lokalsamfunn-og-interessenter\/3-2-samfunnsgevinster-i-et-storre-perspektiv\/","url":"https:\/\/breeam-infrastructure.byggalliansen.no\/v6\/kategorier-og-emner\/3-lokalsamfunn-og-interessenter\/3-2-samfunnsgevinster-i-et-storre-perspektiv\/","name":"3.2 Samfunnsgevinster i et st\u00f8rre perspektiv - BREEAM Infrastructure for prosjekter","isPartOf":{"@id":"http:\/\/breeam-infrastructure.byggalliansen.no\/v6\/#website"},"datePublished":"2025-02-13T08:34:27+00:00","dateModified":"2025-02-13T08:36:55+00:00","breadcrumb":{"@id":"https:\/\/breeam-infrastructure.byggalliansen.no\/v6\/kategorier-og-emner\/3-lokalsamfunn-og-interessenter\/3-2-samfunnsgevinster-i-et-storre-perspektiv\/#breadcrumb"},"inLanguage":"nb-NO","potentialAction":[{"@type":"ReadAction","target":["https:\/\/breeam-infrastructure.byggalliansen.no\/v6\/kategorier-og-emner\/3-lokalsamfunn-og-interessenter\/3-2-samfunnsgevinster-i-et-storre-perspektiv\/"]}]},{"@type":"BreadcrumbList","@id":"https:\/\/breeam-infrastructure.byggalliansen.no\/v6\/kategorier-og-emner\/3-lokalsamfunn-og-interessenter\/3-2-samfunnsgevinster-i-et-storre-perspektiv\/#breadcrumb","itemListElement":[{"@type":"ListItem","position":1,"name":"BREEAM Infrastructure for prosjekter","item":"https:\/\/breeam-infrastructure.byggalliansen.no\/v6\/"},{"@type":"ListItem","position":2,"name":"Kategorier og emner","item":"http:\/\/breeam-infrastructure.byggalliansen.no\/v6\/kategorier-og-emner\/"},{"@type":"ListItem","position":3,"name":"3 Lokalsamfunn og interessenter","item":"https:\/\/breeam-infrastructure.byggalliansen.no\/v6\/kategorier-og-emner\/3-lokalsamfunn-og-interessenter\/"},{"@type":"ListItem","position":4,"name":"3.2 Samfunnsgevinster i et st\u00f8rre perspektiv"}]},{"@type":"WebSite","@id":"http:\/\/breeam-infrastructure.byggalliansen.no\/v6\/#website","url":"http:\/\/breeam-infrastructure.byggalliansen.no\/v6\/","name":"BREEAM Infrastructure for prosjekter","description":"Utgave 6, 2024","potentialAction":[{"@type":"SearchAction","target":{"@type":"EntryPoint","urlTemplate":"http:\/\/breeam-infrastructure.byggalliansen.no\/v6\/?s={search_term_string}"},"query-input":{"@type":"PropertyValueSpecification","valueRequired":true,"valueName":"search_term_string"}}],"inLanguage":"nb-NO"}]}},"_links":{"self":[{"href":"https:\/\/breeam-infrastructure.byggalliansen.no\/v6\/wp-json\/wp\/v2\/pages\/3608","targetHints":{"allow":["GET"]}}],"collection":[{"href":"https:\/\/breeam-infrastructure.byggalliansen.no\/v6\/wp-json\/wp\/v2\/pages"}],"about":[{"href":"https:\/\/breeam-infrastructure.byggalliansen.no\/v6\/wp-json\/wp\/v2\/types\/page"}],"author":[{"embeddable":true,"href":"https:\/\/breeam-infrastructure.byggalliansen.no\/v6\/wp-json\/wp\/v2\/users\/2"}],"replies":[{"embeddable":true,"href":"https:\/\/breeam-infrastructure.byggalliansen.no\/v6\/wp-json\/wp\/v2\/comments?post=3608"}],"version-history":[{"count":2,"href":"https:\/\/breeam-infrastructure.byggalliansen.no\/v6\/wp-json\/wp\/v2\/pages\/3608\/revisions"}],"predecessor-version":[{"id":3614,"href":"https:\/\/breeam-infrastructure.byggalliansen.no\/v6\/wp-json\/wp\/v2\/pages\/3608\/revisions\/3614"}],"up":[{"embeddable":true,"href":"https:\/\/breeam-infrastructure.byggalliansen.no\/v6\/wp-json\/wp\/v2\/pages\/2024"}],"wp:attachment":[{"href":"https:\/\/breeam-infrastructure.byggalliansen.no\/v6\/wp-json\/wp\/v2\/media?parent=3608"}],"wp:term":[{"taxonomy":"category","embeddable":true,"href":"https:\/\/breeam-infrastructure.byggalliansen.no\/v6\/wp-json\/wp\/v2\/categories?post=3608"},{"taxonomy":"connection","embeddable":true,"href":"https:\/\/breeam-infrastructure.byggalliansen.no\/v6\/wp-json\/wp\/v2\/connection?post=3608"}],"curies":[{"name":"wp","href":"https:\/\/api.w.org\/{rel}","templated":true}]}}